t - 38. Let z(y) = o*c(y) - 5*p(y). Determine z(-6).
-4
Let x be (-12)/(-3) + (10 - 20). Let z(y) = 7*y + 39. Determine z(x).
-3
Suppose -43*t = -48*t + 15. Let d be ((-8)/12)/(-2 + 5/t). Let q(f) = -280*f + 8 + 271*f + 0*f**2 + f**d. Give q(6).
-10
Let j(u) be the third derivative of 0 + 0*u + 1/12*u**4 + 3/2*u**3 + 70*u**2. Calculate j(0).
9
Let c be (1/(-1))/((-6)/42). Let n(w) be the third derivative of w**6/120 - 7*w**5/60 + w**4/8 - 2*w**3/3 + 79*w**2 - 4. Determine n(c).
17
Let n(p) = p - p**2 + 16 - 2*p - 6*p + 3*p. Let t be n(-6). Let j be 6/(t/(16/4)). Let z(r) = -r - 2. What is z(j)?
-8
Let h be (-45)/4 - 1/(-4). Let i(z) be the third derivative of -z**5/60 - z**4/2 - 3*z**3/2 + 2466*z**2 + z - 2. Calculate i(h).
2
Let f(h) be the third derivative of h**5/60 - h**4/4 + h**3/6 + 1282*h**2. What is f(4)?
-7
Let t(m) = -2*m - 3. Let y(u) be the third derivative of -u**5/60 + u**4/24 + 26*u**3/3 - 69*u**2. Let j be y(-7). Determine t(j).
5
Let v(t) = 3*t + 5 - 7*t + 3 + 10*t + t. Give v(-5).
-27
Let y be (-266)/(-10) - 28/(-70). Let h(t) = 23 + t + y + 25 - 63. Give h(-9).
3
Let v be 4*1 - (4 + -9 - -5). Let w(x) = -x**3 + 5*x**2 - 5*x - 4. Let p be w(v). Let i be (-3)/2 + (-12)/p. Let j(t) = -t**2 - t - 6. What is j(i)?
-6
Suppose 0 = 2*d + 3*n - 1, 4*d - 22 = 4*n + 10. Let v(r) be the second derivative of 1/2*r**3 - 1/12*r**4 + r**2 + 1 - 77*r. Determine v(d).
-8
Let s(w) = -2*w**2 + w + 15. Let d(l) = -11*l + 209. Let p be d(19). Give s(p).
15
Suppose 78 = -4*f + 6*d + 19*d, -2*d - 132 = 4*f. Let k(z) = -z**2 - 30*z + 66. Calculate k(f).
2
Let r(b) be the first derivative of -b**3/3 - 29*b - 283. Let q(m) be the first derivative of r(m). Determine q(-6).
12
Let m(b) be the first derivative of -9*b**2/2 + 95*b + 637. Give m(10).
5
Let p(v) = v**3 + 6*v**2 - 20. Let y(q) = -q**2. Let a(x) = p(x) + 6*y(x). Let j = 161 + -161. Suppose j*h + 4*h = 2*h. What is a(h)?
-20
Let h(l) = l**3 - 6*l**2 - 7. Let g = -97 - 7. Let i = 71 + g. Let p be 9/(i/(-6) - 4). Calculate h(p).
-7
Let d(y) = 5*y**2 + y + 2. Suppose -15 = -12*c - 123. Let g(t) = -11*t**2 - t - 6. Let q(x) = c*d(x) - 4*g(x). Determine q(-7).
-8
Suppose -5*f = -f - 8. Let m(a) = 937*a + 1 + a**3 - 1856*a + 916*a + 0*a**3. What is m(f)?
3
Let s = -4149 - -4154. Let l(h) = 3*h**2 - 11*h - 18. Give l(s).
2
Let k(l) = -l**3 + 27*l**2 - 26*l + 5. Let j be (-57)/(-2) + 425/(-170). What is k(j)?
5
Let b(r) = 2*r + 15. Suppose -51*m = -474 + 270. What is b(m)?
23
Suppose q + 3*b - 41 = 0, 2*q - 2*b + 28 = 86. Suppose 18 = 2*p + q. Let r(o) = -o + 0 + 0 - 2. Calculate r(p).
5
Let x(g) = -12*g + 8 + 58*g - g**2 - 27*g - 14*g. What is x(0)?
8
Suppose 5*u + 115 = -5*o, -3*u - 5*o - 12 = 45. Let v(y) = -y - 23. Give v(u).
6
Let v(n) = -7*n + 18. Let f(i) = 3*i - 9. Let w(l) = -5*f(l) - 2*v(l). Suppose -309 = 283*m - 2290. Calculate w(m).
2
Let i(d) = -29*d**3 - 1. Suppose 4*t + j = 0, -7*t + 11*t + 2*j - 4 = 0. Determine i(t).
28
Let m(t) be the third derivative of 7*t**6/30 + t**3/6 - 2482*t**2. Give m(-1).
-27
Let n be (8 + -243 + 2)*1*-1. Let o(k) = -n*k + 234*k - 13 - 3. Suppose -3*x = -7 - 14. What is o(x)?
-9
Let z(a) be the third derivative of -a**4/24 - a**3/2 - a**2. Let h be z(-3). Let v(n) = 2*n - 599 - 3*n - 596 - 604 + 1792. What is v(h)?
-7
Let v(p) be the second derivative of -p**4/6 + p**3/6 - 3*p**2 - 482*p - 1. Calculate v(-3).
-27
Let z(p) = -p - 3*p + 2*p + 2*p + 9*p + 27. Let o(c) = -2*c - 6. Let m(r) = 24*o(r) + 5*z(r). Determine m(4).
-21
Let l(r) = -102 - 16*r + 20*r + 11*r - 9*r**2 + 10*r**2. Determine l(-20).
-2
Let v(a) = 2*a**3 - 7*a**2 + 5*a - 9. Let q = -2334 + 2338. Give v(q).
27
Let b(v) be the third derivative of -1/5*v**5 + 0*v - 1/2*v**3 + 0*v**4 + 1/120*v**6 + v**2 - 91. Calculate b(12).
-3
Let f(b) be the third derivative of -b**5/60 + b**4/2 + b**3/3 - 1928*b**2 - 2*b. What is f(5)?
37
Let h(x) = 0 + 589*x + 3 + 574*x - 1162*x. Determine h(-9).
-6
Let z = 214 - 219. Let i(c) = 9*c**3 + 10*c**3 - 3 - 18*c**3 + 5*c**2 - 46*c + 43*c. What is i(z)?
12
Suppose 11*b + 5 = 12*b. Let x(z) = 29 - 14 - 16. Let u(k) = k**3 - k - 4. Let c(p) = b*x(p) - u(p). Determine c(0).
-1
Let s(v) be the third derivative of -v**5/30 + 5*v**4/24 + 65*v**3/6 + 4827*v**2. What is s(8)?
-23
Let m(n) = -n**3 - 2*n**2 - 1. Suppose -51*g - 4 = -42*g + 23. What is m(g)?
8
Let s(y) = -25*y**3 - y + 2 + 19*y**2 + 26*y**3 - 2*y**3. What is s(19)?
-17
Let p(v) = 0*v + v**2 - 2 + 2*v - v. Suppose 77*b - 50 = 102*b + 25. Determine p(b).
4
Let l(i) be the third derivative of 0*i - 1/24*i**4 + 0 - 15*i**2 + 1/6*i**3. Determine l(1).
0
Let b(k) = -14*k**2 - 1. Let g be 1/2 - (-254)/(-4). Let l be -4 - (-10 - -79) - -11. Let y = l - g. Determine b(y).
-15
Let f(h) = 16*h + 7. Let u(g) = -51*g - 21. Let b(w) = 19*f(w) + 6*u(w). Let a(z) = 9*z**3 - z**2 - 2*z + 2. Let n be a(1). Calculate b(n).
-9
Let t(z) = -21*z + 289. Let i(d) = 19*d - 217. Let y(m) = -4*i(m) - 3*t(m). What is y(5)?
-64
Suppose 0 = -4*u - 4*t - 104, -t - 101 = 4*u + 2*t. Let k = u + 37. Let a(y) = 28*y - k*y - 15*y - y**3 - 21. What is a(0)?
-21
Let j(x) = -x**3 - x**2 - 3*x - 3. Let p be 2 - -3*(1 + 4 + -4). Let r be (-10 - 138/(-15))*p/2. What is j(r)?
7
Let v(g) = g**2 - 13. Let x be v(6). Suppose 8*p + x = -25. Let z(a) = -15. Let s(i) = -i + 31. Let c(w) = 6*s(w) + 13*z(w). Calculate c(p).
27
Let f(u) = -u**3 - 16*u**2 - 13*u - 4. Let j(t) = t**2. Let o(a) = -f(a) - 4*j(a). Calculate o(-10).
74
Let f(k) = -10 + 16*k - 36*k + 2*k**2 + 5*k. Let r be f(9). Suppose -3*l + 2*s - 23 = 0, -4*s + r = -l - s. Let v(i) = -i**2 - 4*i + 5. Calculate v(l).
0
Let s(c) = 16*c - 3*c**2 - 4 - 1 + 23932*c**3 - 47857*c**3 + 23924*c**3 + 7. Calculate s(-5).
-28
Let o(p) be the first derivative of -1/24*p**4 + 4*p**2 + 0*p**3 + 0*p + 1/60*p**5 - 21. Let l(d) be the second derivative of o(d). Calculate l(0).
0
Let b(r) = 4*r**2 + 23 - 10*r + 4*r**2 - 19 - 6*r**2 + 34. Let f(l) = -l**2 + 5*l - 18. Let j(h) = 6*b(h) + 13*f(h). Determine j(6).
-12
Let a be (-16)/6*(95/(-50) - (-26)/65). Let k(o) = 4*o**2 - 3*o + 3. Let r(p) = -7*p**2 + 7*p - 5. Let i(f) = -5*k(f) - 3*r(f). What is i(a)?
-8
Let y(n) = -2*n + 11. Suppose -14*f + 28 = -2*z - 10*f, -3*f = -3*z - 27. Calculate y(z).
19
Let s be 5/3*1980/4125 - (-12)/10. Let l(n) be the second derivative of 0 - 5/2*n**2 + s*n + 1/20*n**5 + 1/2*n**4 - 1/6*n**3. Calculate l(-6).
1
Let w(q) be the second derivative of -1/3*q**3 + 19/2*q**2 + 1/24*q**4 + 17*q + 1/20*q**5 + 0. Let p(n) be the first derivative of w(n). What is p(-2)?
8
Let f(c) = -4*c + 57. Let y = 20352 - 20336. What is f(y)?
-7
Let b(g) = -20*g**2 - 34315*g + g**3 + 68 + 34313*g - 14*g**2. Let r be b(34). Let c(l) = -l - 6. What is c(r)?
-6
Let y(d) = 5*d**2 - 63*d + 15. Let q(u) = 1773*u + 8877. Let c be q(-5). Calculate y(c).
-21
Suppose -q - 4*q - 40 = -3*j, 0 = 3*j - 3*q - 30. Suppose -j*l + 3*t + 71 = 0, 10*t - 5*t + 65 = 5*l. Let d(g) = -5 - 7*g + l*g - 7*g. What is d(4)?
3
Let o = 4573 + -4577. Let i(p) = p**3 + 4*p**2 + 4. Determine i(o).
4
Let n(x) = -x + 4. Suppose 0 = 6*i - i - 10. Suppose 0 = -i*r + 4*r - 5*d - 83, -25 = -r - 3*d. Suppose -3*p + 1 = -4*l + 11, 4*p = -5*l - r. Give n(p).
10
Let y(t) be the second derivative of 13*t**3/3 + 94*t**2 - 9332*t. Determine y(-7).
6
Let y(c) = -24*c**2 + 25. Let o(x) be the first derivative of -13*x**3/3 + 13*x - 15. Let v(r) = 11*o(r) - 6*y(r). Give v(0).
-7
Let u(h) = -h**2 + 36. Let c(v) = -29 + 8 + 18 + v. Let j be c(3). Calculate u(j).
36
Suppose -y = 4*y + 10. Let j be 8/(-6)*3/y. Let g(w) = -126*w - 12*w - 3 + 166*w - 24*w. Calculate g(j).
5
Let g(j) = j + 9. Let v(i) = i + 1. Let c(h) = g(h) - 2*v(h). Suppose -267*q + 6538 = 200*q. Give c(q).
-7
Let z(u) = 2*u**3 - 16*u**2 - 4*u + 6. Let l be (-15)/2*628/471 - -18. Give z(l).
-26
Let i be 5*(168/(-15))/4. Let j = 240 + -236. Let t(g) = -6*g + j - 8*g - 17*g**2 + 16*g**2. Calculate t(i).
4
Let q(a) = a**3 - a**2 - 15*a - 7*a + 4 + 27*a - 1 - 7*a. Suppose 0 + 6 = 2*w. Give q(w).
15
Let n be ((-3)/2)/((-8)/560). Suppose 0 = -n*b + 104*b + 6. Let w(p) = p**2 - 4*p - 6. Determine w(b).
6
Let w(t) = 46*t**3 + 9 + 50*t**3 - 95*t**3 - 5 + 5*t**2 + 7*t. Give w(-4).
-8
Let d(c) be the first derivative of c**4/4 - 3*c**3 + 3*c**2/2 + 8*c